
3, 17
Suppose 6171*a = 6164*a + 219198. List the prime factors of a.
2, 3, 17, 307
List the prime factors of ((-5)/4)/5 + (-713040)/(-320).
2, 557
Let n = 8161 + -4342. List the prime factors of n.
3, 19, 67
Let q = 128579 - 66971. What are the prime factors of q?
2, 3, 17, 151
Suppose 23624 = -18*l + 282698. What are the prime factors of l?
37, 389
Suppose -2*a - 4 = -2. Let t be 10/2*a/(-1). Suppose 78 = 2*r - r + 5*y, -2*r + 216 = -t*y. What are the prime factors of r?
2, 7
Suppose 440*i - q = 445*i - 59624, 0 = 2*i - q - 23858. What are the prime factors of i?
2, 67, 89
Let b be 267/6 + 3/(-2). Let p = 42 - b. Let n(z) = -159*z - 5. List the prime factors of n(p).
2, 7, 11
Let y(t) = 5137*t**3 + 2*t + 3. Let r be y(-1). List the prime factors of 6/15 + r/(-10).
2, 257
Let s(b) = -5*b + 9*b**2 + 27*b + 8 - 6*b - 4*b**2 + 23*b. List the prime factors of s(-19).
2, 67
Let a(s) = -19997*s + 716. What are the prime factors of a(-3)?
17, 3571
Suppose 5*f + 63 = -3*p, -2*p = -f - 5*p - 3. Let o(d) = -9*d + 5. Let h be o(f). Let s = h + -62. List the prime factors of s.
2, 3, 13
Let v(c) = c. Let z be v(2). What are the prime factors of 2/z*(194 + (-1 - 4))?
3, 7
Let s(g) = 446*g**2 - 91*g + 576. What are the prime factors of s(6)?
2, 3, 7, 383
Suppose -5*h - 145 = -5*s, h + 122 = -3*h - 2*s. Let q = h + 35. Suppose -4*l + 30 = w, q*w - 2*l = 2*l + 270. List the prime factors of w.
2, 5
Let p(m) = 15*m**2 - 108*m - 119. What are the prime factors of p(-28)?
5, 7, 419
Let c(i) = -69*i - 1646. List the prime factors of c(-33).
631
Let x be 0 - (36/(-6))/2. Suppose -x*v + 1069 + 1622 = 0. What are the prime factors of v?
3, 13, 23
Let m be (1/((-4)/(-8)))/((-1)/(-2)). Suppose -s - 1272 = -4*w, m*w - w - 954 = s. List the prime factors of w/9 + 6/(-18).
5, 7
Let t be (-12)/66 + ((-6)/33)/(-1). Suppose t = -j + 228 + 156. What are the prime factors of j?
2, 3
Suppose 0 = -23*r + 21*r + 5*o + 26478, -2*r = 5*o - 26498. List the prime factors of r.
2, 7, 11, 43
Let n = -355 - -362. Let o(h) = 7*h**2 - 13*h + 83. List the prime factors of o(n).
5, 67
Let g(c) = c**3 - 25*c**2 + 27*c - 52. Let f be g(24). Suppose -22*b + f*b = -2. What are the prime factors of 3890/15 + b*(-2)/6?
7, 37
Suppose 4*u = 297 + 19. Let k = 391 - u. List the prime factors of k.
2, 3, 13
Let b(u) = u - 27. Let j be b(24). Let p be 3/(-6)*((j - 0) + -1). What are the prime factors of ((-6)/10)/(p - 582/290)?
3, 29
Suppose -2*f - 3*f - 48 = -3*j, -f = -4*j - 4. Let v(z) = 3*z**2 - 10*z - 32. List the prime factors of v(f).
2, 5, 13
List the prime factors of (-19 - (-380)/19)*186717/3.
109, 571
Suppose -47731 + 2902 = -17*z. Let t = 3903 - z. What are the prime factors of t?
2, 3, 211
Let v = -11411 - -18015. What are the prime factors of v?
2, 13, 127
Suppose 0 = -9*c + 6409 + 6101. Suppose -3*a + 4*u + c + 1034 = 0, 2*u + 6 = 0. What are the prime factors of a?
2, 3, 67
Let w = 75 + -73. Let z(v) = 5*v**3 - 2*v**2 + 2*v. Let n be z(w). Suppose -n*q - 37 = -37*q. What are the prime factors of q?
37
Let x(q) = 62*q**2 - 29*q - 71. Let v(d) = -31*d**2 + 14*d + 36. Let l(c) = -5*v(c) - 2*x(c). List the prime factors of l(-4).
2, 11, 23
Suppose -9*s + 14573 = 3323. Suppose -3*x + 5*g = -8*x + s, 4*x - 1035 = 3*g. What are the prime factors of x?
3, 5, 17
Suppose 6*z = 14 + 10. Suppose -3*j + 2 = -y, -j + 0 - 3 = -z*y. Suppose -5*g = l - 262, 5 = 2*l + j. What are the prime factors of g?
2, 13
Let w be 5 - 395/45 - 2/9. Let c(l) = -2*l**2 - 7*l + 9. Let o be c(w). List the prime factors of (o - -4)*(-130)/(-6).
3, 5, 13
Let p = -31 + 62. Suppose 2*j - 4*w - 1160 = 0, -4*w + 1167 = 2*j + p. What are the prime factors of j?
2, 7, 41
Let z be (7 - 4)*(3 - (-1 + -1)). Let m = z + -47. Let d = 84 - m. What are the prime factors of d?
2, 29
Let v be -2 - -2*(1 + 1). Let k be 3*v/(-15) - (-877)/5. Let i = k - 116. What are the prime factors of i?
59
Suppose -18*j = 8418 + 1140. Let r = -376 - j. List the prime factors of r.
5, 31
Let n(l) = -10*l + 56. Let x be n(8). Let k = x - -27. Suppose -k*t = -4*w - 238, -w - 147 = -2*t + 4*w. What are the prime factors of t?
2, 43
Suppose -3*w + 1608 = 5*j, -6*j - 4*w = -j - 1604. Suppose 5*g - 876 = j. Suppose 2*r - 54 = g. What are the prime factors of r?
3, 7
Suppose 0 = -3*a + 4065 + 15303. List the prime factors of a.
2, 3, 269
Let k(z) = -33*z - 26. Let l be k(5). Let p = 48 - l. Let n = p - 130. What are the prime factors of n?
109
Let m(t) = -t + 29. Let q be m(17). Let c(o) = 2*o**2 + q - 5 + 23*o - 24*o. List the prime factors of c(8).
127
Let o(r) = r**3 + 3*r**2 - 9*r - 13. Let z be o(5). Suppose 7*x - z = -2*j + 2*x, 5*j = 3*x + 386. List the prime factors of j.
2, 19
Let f = -130 + 69. Let l = f - -93. Let m = 3 + l. What are the prime factors of m?
5, 7
Let g = -118 - -46. Let l = 236 + g. What are the prime factors of l?
2, 41
Let a = 51499 - 34862. List the prime factors of a.
127, 131
What are the prime factors of (-1)/(320/40 + 1063652/(-132956))?
43, 773
Suppose -19*m - 5 = -20*m. Suppose 5*x - 305 = -m*l, -x - l + 179 = 2*x. Let j = x - 26. List the prime factors of j.
3, 11
Suppose -u + 166 = -5*k, -17*u + 12*u = 5*k - 950. What are the prime factors of u?
2, 3, 31
Suppose -66*j + 1553314 = -776816. What are the prime factors of j?
5, 23, 307
Suppose 6 = -g - 2*j, -4*j - 11 - 3 = 3*g. Let q be (2/4)/((-8)/16). What are the prime factors of q - (14/g - -4)?
2
Let c(h) = h**2 + 10*h. Let v be c(7). Let y(b) = 15*b - 3*b - v + 93. What are the prime factors of y(5)?
2, 17
Let d(k) = -k**3 + 3*k**2 + 8*k - 10. Let v be d(4). Suppose -167 + 65 = -v*r. Let a = r + 53. What are the prime factors of a?
2, 5, 7
List the prime factors of (-1879722)/(-135) + 1 + 1 + (-52)/60.
5, 557
Suppose -24*b + 173 = -23*b - 2*t, 3*b - 5*t - 514 = 0. Suppose q = b + 124. What are the prime factors of q?
7, 41
Let f(k) = 66*k + 105. List the prime factors of f(6).
3, 167
Let m = -1913 + 5084. List the prime factors of m.
3, 7, 151
Suppose 57*c - 315462 = 15*c. List the prime factors of c.
7, 29, 37
Suppose 0*m - 7*m = -11690. Suppose 10*o = m + 1850. What are the prime factors of o?
2, 11
Let h(y) = -38*y**2 - 1751*y - 28. What are the prime factors of h(-43)?
5003
Suppose -376 = -3*v - 376. Let k(s) = -s**2 - 12*s + 443. List the prime factors of k(v).
443
Let f(r) = -58*r**3 - 5*r**2 - 7*r + 27. List the prime factors of f(-6).
3, 4139
Suppose -2*b = -4*s + 4779 - 36903, 80226 = 5*b + 4*s. What are the prime factors of b?
2, 3, 5, 107
Suppose 0 = -15*l - 4355 - 2320. Let v = 861 + l. What are the prime factors of v?
2, 13
Let o = -717 - -775. Suppose -o*a + 68323 = 20009. What are the prime factors of a?
7, 17
Let i = -111668 + 175024. What are the prime factors of i?
2, 47, 337
Suppose -895346 = -141*a + 55*a. List the prime factors of a.
29, 359
Let u = 73749 - 50347. List the prime factors of u.
2, 11701
Let s(x) = 3*x**3 - 169*x**2 - 36*x - 209. What are the prime factors of s(58)?
3, 47, 103
Suppose 21*a + 210 = 7*a. List the prime factors of (1090/a)/(26/(-39)).
109
Let v(k) = -3*k + 67. Let i(m) = 2*m - 45. Let r(a) = -8*i(a) - 5*v(a). Let h be (-1)/((-2)/32) + -1. What are the prime factors of r(h)?
2, 5
List the prime factors of ((-80)/14)/(12427888/(-335888) + 37).
2, 5, 2999
Let u(g) = 379*g - 26. Let z be u(3). Suppose 2*n + 63 = -n. List the prime factors of z/7 - 6/n.
3, 53
Suppose -11*u + 51*u - 459873 = 182207. What are the prime factors of u?
2, 4013
Let y = -39917 - -80108. List the prime factors of y.
3, 13397
Suppose -r + 2*j + 7812 = 0, -17*r = -19*r + 2*j + 15606. What are the prime factors of r?
2, 3, 433
Let o be ((-42)/(-15))/((-18)/90). Let r(g) = 2*g**3 + 30*g**2 + 19*g + 33. List the prime factors of r(o).
3, 53
Suppose -17*v + 169*v - 1774885 = 19*v. List the prime factors of v.
5, 17, 157
Let k(c) = 3*c - 11. Let o be k(5). Suppose 2*r - o = -2, 3*v + 2*r = 2285. List the prime factors of v.
761
Let v(s) = s**3 + 20*s**2 + 55*s + 9. Let h be v(-17). Suppose 9*x - 6*x + 651 = 0. Let r = h - x. List the prime factors of r.
2, 79
Suppose -6*r + 10*r = 388. Let s = r - 93. Suppose -2*j + 372 = s*j. List the prime factors of j.
2, 31
Let t(j) = 31*j**2 + 26*j + 805. What are the prime factors of t(-15)?
2, 5, 739
Let f(s) = 